{"id":7,"date":"2021-12-01T13:12:18","date_gmt":"2021-12-01T13:12:18","guid":{"rendered":"https:\/\/fecht-hut.de\/wordpress\/?page_id=7"},"modified":"2026-04-03T17:41:27","modified_gmt":"2026-04-03T17:41:27","slug":"willkommen","status":"publish","type":"page","link":"https:\/\/fecht-hut.de\/","title":{"rendered":"Willkommen"},"content":{"rendered":"\n<h2 class=\"wp-block-heading has-large-font-size\"><strong><mark style=\"background-color:rgba(0, 0, 0, 0)\" class=\"has-inline-color has-luminous-vivid-amber-color\">Mit Liechtenauer hatte keiner gerechnet<\/mark><\/strong><\/h2>\n\n\n\n<p class=\"has-luminous-vivid-amber-color has-text-color has-medium-font-size\"><mark style=\"background-color:rgba(0, 0, 0, 0)\" class=\"has-inline-color has-luminous-vivid-amber-color\"><\/mark><br><mark style=\"background-color:rgba(0, 0, 0, 0)\" class=\"has-inline-color has-luminous-vivid-amber-color\">Die Fantasyfans nicht, <\/mark><br><mark style=\"background-color:rgba(0, 0, 0, 0)\" class=\"has-inline-color has-luminous-vivid-amber-color\">die Schulen nicht, <\/mark><br><mark style=\"background-color:rgba(0, 0, 0, 0)\" class=\"has-inline-color has-luminous-vivid-amber-color\">und der Huttr\u00e4ger auch nicht. <\/mark><br><mark style=\"background-color:rgba(0, 0, 0, 0)\" class=\"has-inline-color has-luminous-vivid-amber-color\">Selbst in Hollywood verstaubten die langen Schwerter. <\/mark><br><br><mark style=\"background-color:rgba(0, 0, 0, 0)\" class=\"has-inline-color has-luminous-vivid-amber-color\">Aber dann; <\/mark><br><mark style=\"background-color:rgba(0, 0, 0, 0)\" class=\"has-inline-color has-luminous-vivid-amber-color\">1986 schlug er ein, <\/mark><br><mark style=\"background-color:rgba(0, 0, 0, 0)\" class=\"has-inline-color has-luminous-vivid-amber-color\">der Film <\/mark><br><img loading=\"lazy\" decoding=\"async\" width=\"250\" height=\"314\" class=\"wp-image-1428\" style=\"width: 250px;\" src=\"https:\/\/fecht-hut.de\/wordpress\/wp-content\/uploads\/2026\/04\/highlandercover.jpg\" alt=\"es kann nur Einen geben\" srcset=\"https:\/\/fecht-hut.de\/wordpress\/wp-content\/uploads\/2026\/04\/highlandercover.jpg 1505w, https:\/\/fecht-hut.de\/wordpress\/wp-content\/uploads\/2026\/04\/highlandercover-239x300.jpg 239w, https:\/\/fecht-hut.de\/wordpress\/wp-content\/uploads\/2026\/04\/highlandercover-816x1024.jpg 816w, https:\/\/fecht-hut.de\/wordpress\/wp-content\/uploads\/2026\/04\/highlandercover-768x964.jpg 768w, https:\/\/fecht-hut.de\/wordpress\/wp-content\/uploads\/2026\/04\/highlandercover-1224x1536.jpg 1224w\" sizes=\"auto, (max-width: 250px) 100vw, 250px\" \/><br><mark style=\"background-color:rgba(0, 0, 0, 0)\" class=\"has-inline-color has-luminous-vivid-amber-color\"><strong>Highlander<\/strong>. <\/mark><br><br><mark style=\"background-color:rgba(0, 0, 0, 0)\" class=\"has-inline-color has-luminous-vivid-amber-color\">Da gab&#8217;s alte Schwertk\u00e4mpfe<\/mark> zwischen neuen Autos. <br><img loading=\"lazy\" decoding=\"async\" width=\"249\" height=\"168\" class=\"wp-image-1431\" style=\"width: 249px;\" src=\"https:\/\/fecht-hut.de\/wordpress\/wp-content\/uploads\/2026\/04\/garagefight-highlander.jpg\" alt=\"\" srcset=\"https:\/\/fecht-hut.de\/wordpress\/wp-content\/uploads\/2026\/04\/garagefight-highlander.jpg 2537w, https:\/\/fecht-hut.de\/wordpress\/wp-content\/uploads\/2026\/04\/garagefight-highlander-300x203.jpg 300w, https:\/\/fecht-hut.de\/wordpress\/wp-content\/uploads\/2026\/04\/garagefight-highlander-1024x691.jpg 1024w, https:\/\/fecht-hut.de\/wordpress\/wp-content\/uploads\/2026\/04\/garagefight-highlander-768x519.jpg 768w, https:\/\/fecht-hut.de\/wordpress\/wp-content\/uploads\/2026\/04\/garagefight-highlander-1536x1037.jpg 1536w, https:\/\/fecht-hut.de\/wordpress\/wp-content\/uploads\/2026\/04\/garagefight-highlander-2048x1383.jpg 2048w\" sizes=\"auto, (max-width: 249px) 100vw, 249px\" \/><br>Im New York der 1980er!<br><mark style=\"background-color:rgba(0, 0, 0, 0)\" class=\"has-inline-color has-luminous-vivid-amber-color\"><\/mark><br><mark style=\"background-color:rgba(0, 0, 0, 0)\" class=\"has-inline-color has-luminous-vivid-amber-color\">Pl\u00f6tzlich wollten die Kinog\u00e4nger auch MacLeod sein. <\/mark><br><br><mark style=\"background-color:rgba(0, 0, 0, 0)\" class=\"has-inline-color has-luminous-vivid-amber-color\">Aber, keiner konnte mit Schwertern umgehen. <\/mark><br><mark style=\"background-color:rgba(0, 0, 0, 0)\" class=\"has-inline-color has-luminous-vivid-amber-color\">Mutige Filmfans trieb die Neugier in die staubigen Tiefen der Archive. <\/mark><\/p>\n\n\n\n<p><\/p>\n\n\n\n<p class=\"has-medium-font-size\"><mark style=\"background-color:rgba(0, 0, 0, 0)\" class=\"has-inline-color has-luminous-vivid-amber-color\">Sie fanden;<br>uralte Schriften, \u00fcber eine echte Kampfkunst <\/mark><br><mark style=\"background-color:rgba(0, 0, 0, 0)\" class=\"has-inline-color has-luminous-vivid-amber-color\">und mittendrin , da tauchte er auf, der Name mit dem keiner gerechnet hatte:<\/mark><br><mark style=\"background-color:rgba(0, 0, 0, 0)\" class=\"has-inline-color has-luminous-vivid-amber-color\"><\/mark><br><mark style=\"background-color:rgba(0, 0, 0, 0)\" class=\"has-inline-color has-luminous-vivid-amber-color\"><strong><em>Johannes Liechtenauer<\/em><\/strong>. <\/mark><br><br><mark style=\"background-color:rgba(0, 0, 0, 0)\" class=\"has-inline-color has-luminous-vivid-amber-color\">Und der machte alles ganz anders als im Film. <\/mark><br><br><img loading=\"lazy\" decoding=\"async\" width=\"700\" height=\"247\" class=\"wp-image-456\" style=\"width: 700px;\" src=\"https:\/\/fecht-hut.de\/wordpress\/wp-content\/uploads\/2022\/09\/fecht-hut_web_header6.jpg\" alt=\"Ochs oder Zwirch\" srcset=\"https:\/\/fecht-hut.de\/wordpress\/wp-content\/uploads\/2022\/09\/fecht-hut_web_header6.jpg 850w, https:\/\/fecht-hut.de\/wordpress\/wp-content\/uploads\/2022\/09\/fecht-hut_web_header6-300x106.jpg 300w, https:\/\/fecht-hut.de\/wordpress\/wp-content\/uploads\/2022\/09\/fecht-hut_web_header6-768x271.jpg 768w\" sizes=\"auto, (max-width: 700px) 100vw, 700px\" \/><mark style=\"background-color:rgba(0, 0, 0, 0)\" class=\"has-inline-color has-luminous-vivid-amber-color\"><br><\/mark><\/p>\n\n\n\n<p><\/p>\n\n\n\n<p><\/p>\n\n\n\n<h3 class=\"wp-block-heading has-large-font-size\"><br><mark style=\"background-color:rgba(0, 0, 0, 0)\" class=\"has-inline-color has-luminous-vivid-amber-color\"><strong>Und der Fecht-Hut?<\/strong><\/mark><\/h3>\n\n\n\n<p class=\"has-luminous-vivid-amber-color has-text-color has-medium-font-size\"><mark style=\"background-color:rgba(0, 0, 0, 0)\" class=\"has-inline-color has-luminous-vivid-amber-color\">Der hatte diesen Film auch gesehen.  <\/mark><br><mark style=\"background-color:rgba(0, 0, 0, 0)\" class=\"has-inline-color has-luminous-vivid-amber-color\">Er wollte auch so fechten.  <br>Stattdessen stolperte  er \u00fcber diesen Liechtenauer, mit dem keiner gerechnet hatte. <\/mark><br><mark style=\"background-color:rgba(0, 0, 0, 0)\" class=\"has-inline-color has-luminous-vivid-amber-color\">Dabei lernte der Hut viel fiesere Techniken als im Film.  <\/mark><br><mark style=\"background-color:rgba(0, 0, 0, 0)\" class=\"has-inline-color has-luminous-vivid-amber-color\"> <\/mark><br><br><img loading=\"lazy\" decoding=\"async\" width=\"699\" height=\"247\" class=\"wp-image-504\" style=\"width: 699px;\" src=\"https:\/\/fecht-hut.de\/wordpress\/wp-content\/uploads\/2022\/09\/fecht-hut_web_header8.jpg\" alt=\"doppelte Bewaffnung mit langen Messern\" srcset=\"https:\/\/fecht-hut.de\/wordpress\/wp-content\/uploads\/2022\/09\/fecht-hut_web_header8.jpg 850w, https:\/\/fecht-hut.de\/wordpress\/wp-content\/uploads\/2022\/09\/fecht-hut_web_header8-300x106.jpg 300w, https:\/\/fecht-hut.de\/wordpress\/wp-content\/uploads\/2022\/09\/fecht-hut_web_header8-768x271.jpg 768w\" sizes=\"auto, (max-width: 699px) 100vw, 699px\" \/><\/p>\n\n\n\n<p><\/p>\n\n\n\n<p><\/p>\n\n\n\n<h3 class=\"wp-block-heading has-large-font-size\"><mark style=\"background-color:rgba(0, 0, 0, 0)\" class=\"has-inline-color has-luminous-vivid-amber-color\"><strong>Was tut dieser Fecht-Hut?<\/strong><\/mark><\/h3>\n\n\n\n<p><\/p>\n\n\n\n<p class=\"has-medium-font-size\"><mark style=\"background-color:rgba(0, 0, 0, 0)\" class=\"has-inline-color has-luminous-vivid-amber-color\">Der Fecht-Hut  <\/mark><br><mark style=\"background-color:rgba(0, 0, 0, 0)\" class=\"has-inline-color has-luminous-vivid-amber-color\">zeigt Ihnen genau diese schnellen, fiesen Tricks von diesem Johannes Liechtenauer, mit dem keiner gerechnet hatte.   <br><\/mark><\/p>\n\n\n\n<p><\/p>\n\n\n\n<p class=\"has-luminous-vivid-amber-color has-text-color has-link-color has-medium-font-size wp-elements-57cde475fa84fbb5b2dd76b2dd2802aa\">Und weil vom 13. bis 19. Jahrhundert in Europa viel los war, gibt es auch ganz viele verschiedene Waffen zu entdecken; <br><br><mark style=\"background-color:rgba(0, 0, 0, 0)\" class=\"has-inline-color has-luminous-vivid-amber-color\">  <\/mark><br><mark style=\"background-color:rgba(0, 0, 0, 0)\" class=\"has-inline-color has-luminous-vivid-amber-color\">Die Sie hier sehen k\u00f6nnen &#8211;&gt; <\/mark><a href=\"https:\/\/fecht-hut.de\/?page_id=9\" target=\"_blank\" rel=\"noreferrer noopener\"><img loading=\"lazy\" decoding=\"async\" width=\"250\" height=\"167\" class=\"wp-image-538\" style=\"width: 250px;\" src=\"https:\/\/fecht-hut.de\/wordpress\/wp-content\/uploads\/2022\/09\/IMG_1103-scaled.jpg\" alt=\"\" srcset=\"https:\/\/fecht-hut.de\/wordpress\/wp-content\/uploads\/2022\/09\/IMG_1103-scaled.jpg 2560w, https:\/\/fecht-hut.de\/wordpress\/wp-content\/uploads\/2022\/09\/IMG_1103-300x200.jpg 300w, https:\/\/fecht-hut.de\/wordpress\/wp-content\/uploads\/2022\/09\/IMG_1103-1024x683.jpg 1024w, https:\/\/fecht-hut.de\/wordpress\/wp-content\/uploads\/2022\/09\/IMG_1103-768x512.jpg 768w, https:\/\/fecht-hut.de\/wordpress\/wp-content\/uploads\/2022\/09\/IMG_1103-1536x1024.jpg 1536w, https:\/\/fecht-hut.de\/wordpress\/wp-content\/uploads\/2022\/09\/IMG_1103-2048x1365.jpg 2048w\" sizes=\"auto, (max-width: 250px) 100vw, 250px\" \/><\/a> <mark style=\"background-color:rgba(0, 0, 0, 0)\" class=\"has-inline-color has-luminous-vivid-amber-color\"><br>  <\/mark><br><mark style=\"background-color:rgba(0, 0, 0, 0)\" class=\"has-inline-color has-luminous-vivid-amber-color\">Die passenden Tricks finden Sie alle unter diesem Fecht-Hut, ohne Zusatztermine oder versteckte Kosten. <br><\/mark><\/p>\n\n\n\n<p class=\"has-luminous-vivid-amber-color has-text-color has-link-color has-medium-font-size wp-elements-c241bb1f94e03882f2d307402b2d95f7\">Nur die schicke Kopfbedeckung, die m\u00fcssen Sie leider woanders kaufen<mark style=\"background-color:rgba(0, 0, 0, 0)\" class=\"has-inline-color has-luminous-vivid-amber-color\">. <\/mark><\/p>\n\n\n\n<h3 class=\"wp-block-heading has-large-font-size\"><mark style=\"background-color:rgba(0, 0, 0, 0)\" class=\"has-inline-color has-luminous-vivid-amber-color\"><br><\/mark><br><mark style=\"background-color:rgba(0, 0, 0, 0)\" class=\"has-inline-color has-luminous-vivid-amber-color\"><strong>Und wer ist dieser Barton-Wright?<\/strong> <\/mark><\/h3>\n\n\n\n<p><\/p>\n\n\n\n<p class=\"has-medium-font-size\"><mark style=\"background-color:rgba(0, 0, 0, 0)\" class=\"has-inline-color has-luminous-vivid-amber-color\"><br>Das ist der Erfinder von Bartitsu, mit dem damals in London auch keiner gerechnet hatte. <\/mark><br><mark style=\"background-color:rgba(0, 0, 0, 0)\" class=\"has-inline-color has-luminous-vivid-amber-color\">Auch die modernen Leser der Sherlock Holmes Geschichten nicht. <\/mark><br><mark style=\"background-color:rgba(0, 0, 0, 0)\" class=\"has-inline-color has-luminous-vivid-amber-color\">Nur einen Klick weiter gibt es mehr. <\/mark><br><mark style=\"background-color:rgba(0, 0, 0, 0)\" class=\"has-inline-color has-luminous-vivid-amber-color\"> <\/mark><br><mark style=\"background-color:rgba(0, 0, 0, 0)\" class=\"has-inline-color has-luminous-vivid-amber-color\"><strong>zu diesem Bartitsu<\/strong>   &#8211;&gt;     <\/mark><a href=\"https:\/\/fecht-hut.de\/?page_id=22\" target=\"_blank\" rel=\"noreferrer noopener\"><img loading=\"lazy\" decoding=\"async\" width=\"250\" height=\"167\" class=\"wp-image-112\" style=\"width: 250px;\" src=\"https:\/\/fecht-hut.de\/wordpress\/wp-content\/uploads\/2021\/12\/Bartitsu_IMG_0423.jpg\" alt=\"\" srcset=\"https:\/\/fecht-hut.de\/wordpress\/wp-content\/uploads\/2021\/12\/Bartitsu_IMG_0423.jpg 2136w, https:\/\/fecht-hut.de\/wordpress\/wp-content\/uploads\/2021\/12\/Bartitsu_IMG_0423-300x200.jpg 300w, https:\/\/fecht-hut.de\/wordpress\/wp-content\/uploads\/2021\/12\/Bartitsu_IMG_0423-1024x683.jpg 1024w, https:\/\/fecht-hut.de\/wordpress\/wp-content\/uploads\/2021\/12\/Bartitsu_IMG_0423-768x512.jpg 768w, https:\/\/fecht-hut.de\/wordpress\/wp-content\/uploads\/2021\/12\/Bartitsu_IMG_0423-1536x1024.jpg 1536w, https:\/\/fecht-hut.de\/wordpress\/wp-content\/uploads\/2021\/12\/Bartitsu_IMG_0423-2048x1365.jpg 2048w\" sizes=\"auto, (max-width: 250px) 100vw, 250px\" \/><\/a> <mark style=\"background-color:rgba(0, 0, 0, 0)\" class=\"has-inline-color has-luminous-vivid-amber-color\"><br><\/mark><br><mark style=\"background-color:rgba(0, 0, 0, 0)\" class=\"has-inline-color has-luminous-vivid-amber-color\">Sie k\u00f6nnen es bei Fecht-Hut lernen. <\/mark><br><mark style=\"background-color:rgba(0, 0, 0, 0)\" class=\"has-inline-color has-luminous-vivid-amber-color\">Auch wenn Sie keine Suffragette sind. <br><\/mark><br><mark style=\"background-color:rgba(0, 0, 0, 0)\" class=\"has-inline-color has-luminous-vivid-amber-color\">Das f\u00fchrt zur letzten Frage.<\/mark><\/p>\n\n\n\n<p><\/p>\n\n\n\n<h3 class=\"wp-block-heading has-medium-font-size\"><mark style=\"background-color:rgba(0, 0, 0, 0)\" class=\"has-inline-color has-luminous-vivid-amber-color\"><strong>Kann ich gleich mehrere Sachen lernen?<\/strong><\/mark><\/h3>\n\n\n\n<p><\/p>\n\n\n\n<p class=\"has-medium-font-size\"><mark style=\"background-color:rgba(0, 0, 0, 0)\" class=\"has-inline-color has-luminous-vivid-amber-color\"> Ja <\/mark><br><br><mark style=\"background-color:rgba(0, 0, 0, 0)\" class=\"has-inline-color has-luminous-vivid-amber-color\">Ganz ohne Sondertermine.<\/mark><br><br><mark style=\"background-color:rgba(0, 0, 0, 0)\" class=\"has-inline-color has-luminous-vivid-amber-color\">Ohne Hut auf dem Kopf. <\/mark> <mark style=\"background-color:rgba(0, 0, 0, 0)\" class=\"has-inline-color has-luminous-vivid-amber-color\"> <\/mark><br><br><mark style=\"background-color:rgba(0, 0, 0, 0)\" class=\"has-inline-color has-luminous-vivid-amber-color\">Wenn Sie in der N\u00e4he von Karlsruhe oder Pforzheim wohnen, kommen Sie einfach zum unverbindlichen Probetraining vorbei. <\/mark><br><mark style=\"background-color:rgba(0, 0, 0, 0)\" class=\"has-inline-color has-luminous-vivid-amber-color\">Hier sind die w\u00f6chentlichen &#8212;&gt; <\/mark><a href=\"https:\/\/fecht-hut.de\/?page_id=10\" target=\"_blank\" rel=\"noreferrer noopener\">Zeiten.<\/a><\/p>\n\n\n\n<p><\/p>\n\n\n\n<p class=\"has-cyan-bluish-gray-color has-text-color has-medium-font-size\"><mark style=\"background-color:rgba(0, 0, 0, 0)\" class=\"has-inline-color has-luminous-vivid-amber-color\">Wenn Sie vorher lieber ganz viel Text \u00fcber Liechtenauer, Barton-Wright und diesen Fecht-Hut lesen wollen, <\/mark><br><mark style=\"background-color:rgba(0, 0, 0, 0)\" class=\"has-inline-color has-luminous-vivid-amber-color\">dann geht das hier&#8211;&gt; <a href=\"https:\/\/fecht-hut.de\/?page_id=8\" target=\"_blank\" rel=\"noreferrer noopener\">Unterm Hut <\/a><\/mark><br><br><mark style=\"background-color:rgba(0, 0, 0, 0)\" class=\"has-inline-color has-luminous-vivid-amber-color\">Wenn Sie den Hut lieber anschreiben wollen dann,<\/mark> <br><mark style=\"background-color:rgba(0, 0, 0, 0)\" class=\"has-inline-color has-luminous-vivid-amber-color\"> <\/mark><br><img loading=\"lazy\" decoding=\"async\" width=\"150\" height=\"141\" class=\"wp-image-426\" style=\"width: 150px;\" src=\"https:\/\/fecht-hut.de\/wordpress\/wp-content\/uploads\/2022\/07\/DSCF1852.jpg\" alt=\"\" srcset=\"https:\/\/fecht-hut.de\/wordpress\/wp-content\/uploads\/2022\/07\/DSCF1852.jpg 1968w, https:\/\/fecht-hut.de\/wordpress\/wp-content\/uploads\/2022\/07\/DSCF1852-300x282.jpg 300w, https:\/\/fecht-hut.de\/wordpress\/wp-content\/uploads\/2022\/07\/DSCF1852-1024x962.jpg 1024w, https:\/\/fecht-hut.de\/wordpress\/wp-content\/uploads\/2022\/07\/DSCF1852-768x721.jpg 768w, https:\/\/fecht-hut.de\/wordpress\/wp-content\/uploads\/2022\/07\/DSCF1852-1536x1442.jpg 1536w\" sizes=\"auto, (max-width: 150px) 100vw, 150px\" \/> <mark style=\"background-color:rgba(0, 0, 0, 0)\" class=\"has-inline-color has-luminous-vivid-amber-color\">schreiben Sie an&#8211;&gt;<\/mark> <a href=\"mailto:info@fecht-hut.de\">ingo@fecht-hut.de<\/a><\/p>\n\n\n\n<p><\/p>\n\n\n\n<p class=\"has-medium-font-size\"><mark style=\"background-color:rgba(0, 0, 0, 0)\" class=\"has-inline-color has-luminous-vivid-amber-color\">Den passenden Lesestoff  zu den Klingen und <\/mark><br><br><img loading=\"lazy\" decoding=\"async\" width=\"350\" height=\"117\" class=\"wp-image-1162\" style=\"width: 350px;\" src=\"https:\/\/fecht-hut.de\/wordpress\/wp-content\/uploads\/2024\/07\/Ingos-Buchseite.jpg\" alt=\"\" srcset=\"https:\/\/fecht-hut.de\/wordpress\/wp-content\/uploads\/2024\/07\/Ingos-Buchseite.jpg 1500w, https:\/\/fecht-hut.de\/wordpress\/wp-content\/uploads\/2024\/07\/Ingos-Buchseite-300x100.jpg 300w, https:\/\/fecht-hut.de\/wordpress\/wp-content\/uploads\/2024\/07\/Ingos-Buchseite-1024x341.jpg 1024w, https:\/\/fecht-hut.de\/wordpress\/wp-content\/uploads\/2024\/07\/Ingos-Buchseite-768x256.jpg 768w\" sizes=\"auto, (max-width: 350px) 100vw, 350px\" \/><br><br><mark style=\"background-color:rgba(0, 0, 0, 0)\" class=\"has-inline-color has-luminous-vivid-amber-color\">viele B\u00fccher mehr finden Sie hier &#8212;&gt;<\/mark> <a href=\"https:\/\/ingos-buchseite.de\/\" target=\"_blank\" rel=\"noreferrer noopener\">B\u00fccherseite<\/a><br><\/p>\n\n\n\n<p class=\"has-medium-font-size\"><mark style=\"background-color:rgba(0, 0, 0, 0)\" class=\"has-inline-color has-luminous-vivid-amber-color\">Die ganz andere Kunst <\/mark><br><br><img loading=\"lazy\" decoding=\"async\" width=\"350\" height=\"127\" class=\"wp-image-1163\" style=\"width: 350px;\" src=\"https:\/\/fecht-hut.de\/wordpress\/wp-content\/uploads\/2024\/07\/art-of-shadows-Ingos-Kunstseite.jpg\" alt=\"\" srcset=\"https:\/\/fecht-hut.de\/wordpress\/wp-content\/uploads\/2024\/07\/art-of-shadows-Ingos-Kunstseite.jpg 1000w, https:\/\/fecht-hut.de\/wordpress\/wp-content\/uploads\/2024\/07\/art-of-shadows-Ingos-Kunstseite-300x109.jpg 300w, https:\/\/fecht-hut.de\/wordpress\/wp-content\/uploads\/2024\/07\/art-of-shadows-Ingos-Kunstseite-768x279.jpg 768w\" sizes=\"auto, (max-width: 350px) 100vw, 350px\" \/><br><br><mark style=\"background-color:rgba(0, 0, 0, 0)\" class=\"has-inline-color has-luminous-vivid-amber-color\">finden Sie hier &#8212;&gt;<\/mark><a href=\"https:\/\/art-of-shadows.de\/wordpress\/\" target=\"_blank\" rel=\"noreferrer noopener\"> Im Schatten <\/a><br><br><\/p>\n\n\n\n<p><\/p>\n","protected":false},"excerpt":{"rendered":"<p>Mit Liechtenauer hatte keiner gerechnet Die Fantasyfans nicht, die Schulen nicht, und der Huttr\u00e4ger auch nicht. Selbst in Hollywood verstaubten die langen Schwerter. Aber dann; 1986 schlug er ein, der Film Highlander. Da gab&#8217;s alte Schwertk\u00e4mpfe zwischen neuen Autos. Im New York der 1980er!Pl\u00f6tzlich wollten die Kinog\u00e4nger auch MacLeod sein. Aber, keiner konnte mit Schwertern&#8230; <\/p>\n<div class=\"read-more navbutton\"><a href=\"https:\/\/fecht-hut.de\/\">Read More<i class=\"fa fa-angle-double-right\"><\/i><\/a><\/div>\n","protected":false},"author":1,"featured_media":0,"parent":0,"menu_order":0,"comment_status":"closed","ping_status":"closed","template":"","meta":{"footnotes":""},"class_list":["post-7","page","type-page","status-publish","hentry"],"yoast_head":"<!-- This site is optimized with the Yoast SEO plugin v27.4 - https:\/\/yoast.com\/product\/yoast-seo-wordpress\/ -->\n<title>Mit Liechtenauer hatte keiner gerechnet Willkommen - Fecht-Hut<\/title>\n<meta name=\"description\" content=\"Willkommen bei Fecht-Hut, der Schule f\u00fcr historisches Fechten. Von Schwertkampf bis zu Bartitsu werden Sie hier trainiert.\" \/>\n<meta name=\"robots\" content=\"index, follow, max-snippet:-1, max-image-preview:large, max-video-preview:-1\" \/>\n<link rel=\"canonical\" href=\"https:\/\/fecht-hut.de\/\" \/>\n<meta property=\"og:locale\" content=\"de_DE\" \/>\n<meta property=\"og:type\" content=\"article\" \/>\n<meta property=\"og:title\" content=\"Mit Liechtenauer hatte keiner gerechnet Willkommen - Fecht-Hut\" \/>\n<meta property=\"og:description\" content=\"Willkommen bei Fecht-Hut, der Schule f\u00fcr historisches Fechten. Von Schwertkampf bis zu Bartitsu werden Sie hier trainiert.\" \/>\n<meta property=\"og:url\" content=\"https:\/\/fecht-hut.de\/\" \/>\n<meta property=\"og:site_name\" content=\"Fecht-Hut\" \/>\n<meta property=\"article:modified_time\" content=\"2026-04-03T17:41:27+00:00\" \/>\n<meta property=\"og:image\" content=\"https:\/\/fecht-hut.de\/wordpress\/wp-content\/uploads\/2026\/04\/highlandercover.jpg\" \/>\n\t<meta property=\"og:image:width\" content=\"1505\" \/>\n\t<meta property=\"og:image:height\" content=\"1889\" \/>\n\t<meta property=\"og:image:type\" content=\"image\/jpeg\" \/>\n<meta name=\"twitter:card\" content=\"summary_large_image\" \/>\n<meta name=\"twitter:label1\" content=\"Gesch\u00e4tzte Lesezeit\" \/>\n\t<meta name=\"twitter:data1\" content=\"4\u00a0Minuten\" \/>\n<script type=\"application\/ld+json\" class=\"yoast-schema-graph\">{\"@context\":\"https:\\\/\\\/schema.org\",\"@graph\":[{\"@type\":\"WebPage\",\"@id\":\"https:\\\/\\\/fecht-hut.de\\\/\",\"url\":\"https:\\\/\\\/fecht-hut.de\\\/\",\"name\":\"Mit Liechtenauer hatte keiner gerechnet Willkommen - Fecht-Hut\",\"isPartOf\":{\"@id\":\"https:\\\/\\\/fecht-hut.de\\\/#website\"},\"primaryImageOfPage\":{\"@id\":\"https:\\\/\\\/fecht-hut.de\\\/#primaryimage\"},\"image\":{\"@id\":\"https:\\\/\\\/fecht-hut.de\\\/#primaryimage\"},\"thumbnailUrl\":\"https:\\\/\\\/fecht-hut.de\\\/wordpress\\\/wp-content\\\/uploads\\\/2026\\\/04\\\/highlandercover.jpg\",\"datePublished\":\"2021-12-01T13:12:18+00:00\",\"dateModified\":\"2026-04-03T17:41:27+00:00\",\"description\":\"Willkommen bei Fecht-Hut, der Schule f\u00fcr historisches Fechten. Von Schwertkampf bis zu Bartitsu werden Sie hier trainiert.\",\"breadcrumb\":{\"@id\":\"https:\\\/\\\/fecht-hut.de\\\/#breadcrumb\"},\"inLanguage\":\"de\",\"potentialAction\":[{\"@type\":\"ReadAction\",\"target\":[\"https:\\\/\\\/fecht-hut.de\\\/\"]}]},{\"@type\":\"ImageObject\",\"inLanguage\":\"de\",\"@id\":\"https:\\\/\\\/fecht-hut.de\\\/#primaryimage\",\"url\":\"https:\\\/\\\/fecht-hut.de\\\/wordpress\\\/wp-content\\\/uploads\\\/2026\\\/04\\\/highlandercover.jpg\",\"contentUrl\":\"https:\\\/\\\/fecht-hut.de\\\/wordpress\\\/wp-content\\\/uploads\\\/2026\\\/04\\\/highlandercover.jpg\",\"width\":1505,\"height\":1889},{\"@type\":\"BreadcrumbList\",\"@id\":\"https:\\\/\\\/fecht-hut.de\\\/#breadcrumb\",\"itemListElement\":[{\"@type\":\"ListItem\",\"position\":1,\"name\":\"Startseite\",\"item\":\"https:\\\/\\\/fecht-hut.de\\\/\"},{\"@type\":\"ListItem\",\"position\":2,\"name\":\"Willkommen\"}]},{\"@type\":\"WebSite\",\"@id\":\"https:\\\/\\\/fecht-hut.de\\\/#website\",\"url\":\"https:\\\/\\\/fecht-hut.de\\\/\",\"name\":\"Fecht-Hut\",\"description\":\"\",\"potentialAction\":[{\"@type\":\"SearchAction\",\"target\":{\"@type\":\"EntryPoint\",\"urlTemplate\":\"https:\\\/\\\/fecht-hut.de\\\/?s={search_term_string}\"},\"query-input\":{\"@type\":\"PropertyValueSpecification\",\"valueRequired\":true,\"valueName\":\"search_term_string\"}}],\"inLanguage\":\"de\"}]}<\/script>\n<!-- \/ Yoast SEO plugin. -->","yoast_head_json":{"title":"Mit Liechtenauer hatte keiner gerechnet Willkommen - Fecht-Hut","description":"Willkommen bei Fecht-Hut, der Schule f\u00fcr historisches Fechten. Von Schwertkampf bis zu Bartitsu werden Sie hier trainiert.","robots":{"index":"index","follow":"follow","max-snippet":"max-snippet:-1","max-image-preview":"max-image-preview:large","max-video-preview":"max-video-preview:-1"},"canonical":"https:\/\/fecht-hut.de\/","og_locale":"de_DE","og_type":"article","og_title":"Mit Liechtenauer hatte keiner gerechnet Willkommen - Fecht-Hut","og_description":"Willkommen bei Fecht-Hut, der Schule f\u00fcr historisches Fechten. Von Schwertkampf bis zu Bartitsu werden Sie hier trainiert.","og_url":"https:\/\/fecht-hut.de\/","og_site_name":"Fecht-Hut","article_modified_time":"2026-04-03T17:41:27+00:00","og_image":[{"width":1505,"height":1889,"url":"https:\/\/fecht-hut.de\/wordpress\/wp-content\/uploads\/2026\/04\/highlandercover.jpg","type":"image\/jpeg"}],"twitter_card":"summary_large_image","twitter_misc":{"Gesch\u00e4tzte Lesezeit":"4\u00a0Minuten"},"schema":{"@context":"https:\/\/schema.org","@graph":[{"@type":"WebPage","@id":"https:\/\/fecht-hut.de\/","url":"https:\/\/fecht-hut.de\/","name":"Mit Liechtenauer hatte keiner gerechnet Willkommen - Fecht-Hut","isPartOf":{"@id":"https:\/\/fecht-hut.de\/#website"},"primaryImageOfPage":{"@id":"https:\/\/fecht-hut.de\/#primaryimage"},"image":{"@id":"https:\/\/fecht-hut.de\/#primaryimage"},"thumbnailUrl":"https:\/\/fecht-hut.de\/wordpress\/wp-content\/uploads\/2026\/04\/highlandercover.jpg","datePublished":"2021-12-01T13:12:18+00:00","dateModified":"2026-04-03T17:41:27+00:00","description":"Willkommen bei Fecht-Hut, der Schule f\u00fcr historisches Fechten. Von Schwertkampf bis zu Bartitsu werden Sie hier trainiert.","breadcrumb":{"@id":"https:\/\/fecht-hut.de\/#breadcrumb"},"inLanguage":"de","potentialAction":[{"@type":"ReadAction","target":["https:\/\/fecht-hut.de\/"]}]},{"@type":"ImageObject","inLanguage":"de","@id":"https:\/\/fecht-hut.de\/#primaryimage","url":"https:\/\/fecht-hut.de\/wordpress\/wp-content\/uploads\/2026\/04\/highlandercover.jpg","contentUrl":"https:\/\/fecht-hut.de\/wordpress\/wp-content\/uploads\/2026\/04\/highlandercover.jpg","width":1505,"height":1889},{"@type":"BreadcrumbList","@id":"https:\/\/fecht-hut.de\/#breadcrumb","itemListElement":[{"@type":"ListItem","position":1,"name":"Startseite","item":"https:\/\/fecht-hut.de\/"},{"@type":"ListItem","position":2,"name":"Willkommen"}]},{"@type":"WebSite","@id":"https:\/\/fecht-hut.de\/#website","url":"https:\/\/fecht-hut.de\/","name":"Fecht-Hut","description":"","potentialAction":[{"@type":"SearchAction","target":{"@type":"EntryPoint","urlTemplate":"https:\/\/fecht-hut.de\/?s={search_term_string}"},"query-input":{"@type":"PropertyValueSpecification","valueRequired":true,"valueName":"search_term_string"}}],"inLanguage":"de"}]}},"_links":{"self":[{"href":"https:\/\/fecht-hut.de\/index.php?rest_route=\/wp\/v2\/pages\/7","targetHints":{"allow":["GET"]}}],"collection":[{"href":"https:\/\/fecht-hut.de\/index.php?rest_route=\/wp\/v2\/pages"}],"about":[{"href":"https:\/\/fecht-hut.de\/index.php?rest_route=\/wp\/v2\/types\/page"}],"author":[{"embeddable":true,"href":"https:\/\/fecht-hut.de\/index.php?rest_route=\/wp\/v2\/users\/1"}],"replies":[{"embeddable":true,"href":"https:\/\/fecht-hut.de\/index.php?rest_route=%2Fwp%2Fv2%2Fcomments&post=7"}],"version-history":[{"count":155,"href":"https:\/\/fecht-hut.de\/index.php?rest_route=\/wp\/v2\/pages\/7\/revisions"}],"predecessor-version":[{"id":1434,"href":"https:\/\/fecht-hut.de\/index.php?rest_route=\/wp\/v2\/pages\/7\/revisions\/1434"}],"wp:attachment":[{"href":"https:\/\/fecht-hut.de\/index.php?rest_route=%2Fwp%2Fv2%2Fmedia&parent=7"}],"curies":[{"name":"wp","href":"https:\/\/api.w.org\/{rel}","templated":true}]}}