{"id":19,"date":"2021-12-01T13:12:18","date_gmt":"2021-12-01T13:12:18","guid":{"rendered":"https:\/\/fecht-hut.de\/wordpress\/?page_id=19"},"modified":"2025-09-10T20:41:38","modified_gmt":"2025-09-10T20:41:38","slug":"rapier","status":"publish","type":"page","link":"https:\/\/fecht-hut.de\/?page_id=19","title":{"rendered":"Rapier"},"content":{"rendered":"\n<p class=\"has-luminous-vivid-amber-color has-text-color has-medium-font-size\"><mark style=\"background-color:rgba(0, 0, 0, 0)\" class=\"has-inline-color has-luminous-vivid-amber-color\">Mit dem Rapier kam alles anders.<\/mark><br>Es kam <mark style=\"background-color:rgba(0, 0, 0, 0)\" class=\"has-inline-color has-luminous-vivid-amber-color\">wieder eine Einhandwaffe ins Gefecht.<br>Im 16 Jhdt. liebte man in Deutschland noch immer das -> <a href=\"https:\/\/fecht-hut.de\/?page_id=16\" target=\"_blank\" rel=\"noreferrer noopener\">lange Schwert <\/a> <\/mark><br><mark style=\"background-color:rgba(0, 0, 0, 0)\" class=\"has-inline-color has-luminous-vivid-amber-color\">Aber die italienischen Fechtmeister hatten einen eingebauten Wandertrieb und<\/mark><br><mark style=\"background-color:rgba(0, 0, 0, 0)\" class=\"has-inline-color has-luminous-vivid-amber-color\">mit dem Rapier kam alles anders, auch in Deutschland. <\/mark><br><mark style=\"background-color:rgba(0, 0, 0, 0)\" class=\"has-inline-color has-luminous-vivid-amber-color\">Nun herrschte die italienische Fechtschule, deren recht wanderfreudige Meister gaben an europ\u00e4ischen H\u00f6fen gerne mal den Fecht-Ton an. <\/mark><br><mark style=\"background-color:rgba(0, 0, 0, 0)\" class=\"has-inline-color has-luminous-vivid-amber-color\">Man duellierte sich nun mit dieser einh\u00e4ndig gef\u00fchrten Waffe und nicht mehr mit dem beidh\u00e4ndig gefochtenen Schwert. <\/mark><br><mark style=\"background-color:rgba(0, 0, 0, 0)\" class=\"has-inline-color has-luminous-vivid-amber-color\">Mit seinem geschlungen geformten Griffkorb (als Handschutz) kann das Rapier auch das Auge erfreuen, bevor es wie eine Wespe zusticht.<\/mark> <br><br><img loading=\"lazy\" decoding=\"async\" width=\"250\" height=\"179\" class=\"wp-image-189\" style=\"width: 250px;\" src=\"https:\/\/fecht-hut.de\/wordpress\/wp-content\/uploads\/2021\/12\/DSCF0461.jpg\" alt=\"\" srcset=\"https:\/\/fecht-hut.de\/wordpress\/wp-content\/uploads\/2021\/12\/DSCF0461.jpg 1312w, https:\/\/fecht-hut.de\/wordpress\/wp-content\/uploads\/2021\/12\/DSCF0461-300x214.jpg 300w, https:\/\/fecht-hut.de\/wordpress\/wp-content\/uploads\/2021\/12\/DSCF0461-1024x731.jpg 1024w, https:\/\/fecht-hut.de\/wordpress\/wp-content\/uploads\/2021\/12\/DSCF0461-768x548.jpg 768w\" sizes=\"auto, (max-width: 250px) 100vw, 250px\" \/><br><br><mark style=\"background-color:rgba(0, 0, 0, 0)\" class=\"has-inline-color has-luminous-vivid-amber-color\">Wobei der hier gezeigte noch zu den ganz einfachen geh\u00f6rt. <\/mark><br><br><mark style=\"background-color:rgba(0, 0, 0, 0)\" class=\"has-inline-color has-luminous-vivid-amber-color\">Mit seinen ca. 90 cm Klingenl\u00e4nge baut man zwar eine gr\u00f6\u00dfere Distanz zum Gegner auf, braucht aber genau deshalb ein paar v\u00f6llig neue, fast t\u00e4nzerisch wirkende Bewegungsmuster.\u00a0 Denn so ein langer Hebel will erstmal richtig bewegt sein. <\/mark><br><mark style=\"background-color:rgba(0, 0, 0, 0)\" class=\"has-inline-color has-luminous-vivid-amber-color\">Und das nicht mit wildem Gefuchtel. <\/mark><br><br><img loading=\"lazy\" decoding=\"async\" width=\"200\" height=\"133\" class=\"wp-image-91\" style=\"width: 200px;\" src=\"https:\/\/fecht-hut.de\/wordpress\/wp-content\/uploads\/2021\/12\/IMG_0404-scaled.jpg\" alt=\"\" srcset=\"https:\/\/fecht-hut.de\/wordpress\/wp-content\/uploads\/2021\/12\/IMG_0404-scaled.jpg 2560w, https:\/\/fecht-hut.de\/wordpress\/wp-content\/uploads\/2021\/12\/IMG_0404-300x200.jpg 300w, https:\/\/fecht-hut.de\/wordpress\/wp-content\/uploads\/2021\/12\/IMG_0404-1024x683.jpg 1024w, https:\/\/fecht-hut.de\/wordpress\/wp-content\/uploads\/2021\/12\/IMG_0404-768x512.jpg 768w, https:\/\/fecht-hut.de\/wordpress\/wp-content\/uploads\/2021\/12\/IMG_0404-1536x1024.jpg 1536w, https:\/\/fecht-hut.de\/wordpress\/wp-content\/uploads\/2021\/12\/IMG_0404-2048x1365.jpg 2048w\" sizes=\"auto, (max-width: 200px) 100vw, 200px\" \/> <img loading=\"lazy\" decoding=\"async\" width=\"200\" height=\"133\" class=\"wp-image-90\" style=\"width: 200px;\" src=\"https:\/\/fecht-hut.de\/wordpress\/wp-content\/uploads\/2021\/12\/IMG_0403-scaled.jpg\" alt=\"\" srcset=\"https:\/\/fecht-hut.de\/wordpress\/wp-content\/uploads\/2021\/12\/IMG_0403-scaled.jpg 2560w, https:\/\/fecht-hut.de\/wordpress\/wp-content\/uploads\/2021\/12\/IMG_0403-300x200.jpg 300w, https:\/\/fecht-hut.de\/wordpress\/wp-content\/uploads\/2021\/12\/IMG_0403-1024x683.jpg 1024w, https:\/\/fecht-hut.de\/wordpress\/wp-content\/uploads\/2021\/12\/IMG_0403-768x512.jpg 768w, https:\/\/fecht-hut.de\/wordpress\/wp-content\/uploads\/2021\/12\/IMG_0403-1536x1024.jpg 1536w, https:\/\/fecht-hut.de\/wordpress\/wp-content\/uploads\/2021\/12\/IMG_0403-2048x1365.jpg 2048w\" sizes=\"auto, (max-width: 200px) 100vw, 200px\" \/> <img loading=\"lazy\" decoding=\"async\" width=\"200\" height=\"133\" class=\"wp-image-89\" style=\"width: 200px;\" src=\"https:\/\/fecht-hut.de\/wordpress\/wp-content\/uploads\/2021\/12\/IMG_0400-scaled.jpg\" alt=\"\" srcset=\"https:\/\/fecht-hut.de\/wordpress\/wp-content\/uploads\/2021\/12\/IMG_0400-scaled.jpg 2560w, https:\/\/fecht-hut.de\/wordpress\/wp-content\/uploads\/2021\/12\/IMG_0400-300x200.jpg 300w, https:\/\/fecht-hut.de\/wordpress\/wp-content\/uploads\/2021\/12\/IMG_0400-1024x683.jpg 1024w, https:\/\/fecht-hut.de\/wordpress\/wp-content\/uploads\/2021\/12\/IMG_0400-768x512.jpg 768w, https:\/\/fecht-hut.de\/wordpress\/wp-content\/uploads\/2021\/12\/IMG_0400-1536x1024.jpg 1536w, https:\/\/fecht-hut.de\/wordpress\/wp-content\/uploads\/2021\/12\/IMG_0400-2048x1365.jpg 2048w\" sizes=\"auto, (max-width: 200px) 100vw, 200px\" \/><br><mark style=\"background-color:rgba(0, 0, 0, 0)\" class=\"has-inline-color has-luminous-vivid-amber-color\"><br>Wenn man sich dabei nach vorne beugt wie ein <strong>Fabris<\/strong>, dann aus tief bestechendem Grund.<br>Wer den unteren R\u00fccken schonen will, ficht lieber nach dem aufrechteren  <strong>Capo Ferro<\/strong>. <br>Und das <strong>ohne<\/strong> getroffen zu werden, bitte sehr.<\/mark><\/p>\n\n\n\n<p class=\"has-medium-font-size\"><mark style=\"background-color:rgba(0, 0, 0, 0)\" class=\"has-inline-color has-luminous-vivid-amber-color\">Einen eigenen Weg gingen allerdings die Spanier, die ihre Rapierklinge f\u00fcr ihr System <em><strong>Verdadera Destreza<\/strong><\/em> um einiges l\u00e4nger schmieden lie\u00dfen. <\/mark><br><mark style=\"background-color:rgba(0, 0, 0, 0)\" class=\"has-inline-color has-luminous-vivid-amber-color\">Sie hatten auch ein eigenst\u00e4ndiges Fechtsystem, dem man aber auch nicht zu nahe kommen m\u00f6chte. <\/mark> <\/p>\n\n\n\n<p class=\"has-medium-font-size\"><mark style=\"background-color:rgba(0, 0, 0, 0)\" class=\"has-inline-color has-luminous-vivid-amber-color\">Jedenfalls wird es bei Fecht-Hut gern gefochten, dieses Rapier.<\/mark><\/p>\n\n\n\n<p> <img loading=\"lazy\" decoding=\"async\" width=\"150\" height=\"225\" class=\"wp-image-848\" style=\"width: 150px;\" src=\"https:\/\/fecht-hut.de\/wordpress\/wp-content\/uploads\/2023\/04\/Rapier-System-der-Klingen-12.jpg\" alt=\"\" srcset=\"https:\/\/fecht-hut.de\/wordpress\/wp-content\/uploads\/2023\/04\/Rapier-System-der-Klingen-12.jpg 333w, https:\/\/fecht-hut.de\/wordpress\/wp-content\/uploads\/2023\/04\/Rapier-System-der-Klingen-12-200x300.jpg 200w\" sizes=\"auto, (max-width: 150px) 100vw, 150px\" \/> <img loading=\"lazy\" decoding=\"async\" width=\"150\" height=\"225\" class=\"wp-image-849\" style=\"width: 150px;\" src=\"https:\/\/fecht-hut.de\/wordpress\/wp-content\/uploads\/2023\/04\/Doppelbewaffnung-System-der-Klingen-11.jpg\" alt=\"\" srcset=\"https:\/\/fecht-hut.de\/wordpress\/wp-content\/uploads\/2023\/04\/Doppelbewaffnung-System-der-Klingen-11.jpg 333w, https:\/\/fecht-hut.de\/wordpress\/wp-content\/uploads\/2023\/04\/Doppelbewaffnung-System-der-Klingen-11-200x300.jpg 200w\" sizes=\"auto, (max-width: 150px) 100vw, 150px\" \/> <img loading=\"lazy\" decoding=\"async\" width=\"150\" height=\"225\" class=\"wp-image-929\" style=\"width: 150px;\" src=\"https:\/\/fecht-hut.de\/wordpress\/wp-content\/uploads\/2023\/07\/das-Rapier-System-der-Klingen-12.jpg\" alt=\"\" srcset=\"https:\/\/fecht-hut.de\/wordpress\/wp-content\/uploads\/2023\/07\/das-Rapier-System-der-Klingen-12.jpg 333w, https:\/\/fecht-hut.de\/wordpress\/wp-content\/uploads\/2023\/07\/das-Rapier-System-der-Klingen-12-200x300.jpg 200w\" sizes=\"auto, (max-width: 150px) 100vw, 150px\" \/> <br> <img loading=\"lazy\" decoding=\"async\" width=\"150\" height=\"225\" class=\"wp-image-851\" style=\"width: 150px;\" src=\"https:\/\/fecht-hut.de\/wordpress\/wp-content\/uploads\/2023\/04\/Rapier-mit-Dolch-1.jpg\" alt=\"\" srcset=\"https:\/\/fecht-hut.de\/wordpress\/wp-content\/uploads\/2023\/04\/Rapier-mit-Dolch-1.jpg 333w, https:\/\/fecht-hut.de\/wordpress\/wp-content\/uploads\/2023\/04\/Rapier-mit-Dolch-1-200x300.jpg 200w\" sizes=\"auto, (max-width: 150px) 100vw, 150px\" \/> <img loading=\"lazy\" decoding=\"async\" width=\"150\" height=\"225\" class=\"wp-image-931\" style=\"width: 150px;\" src=\"https:\/\/fecht-hut.de\/wordpress\/wp-content\/uploads\/2023\/07\/Rapier-mit-Dolch-2.jpg\" alt=\"\" srcset=\"https:\/\/fecht-hut.de\/wordpress\/wp-content\/uploads\/2023\/07\/Rapier-mit-Dolch-2.jpg 333w, https:\/\/fecht-hut.de\/wordpress\/wp-content\/uploads\/2023\/07\/Rapier-mit-Dolch-2-200x300.jpg 200w\" sizes=\"auto, (max-width: 150px) 100vw, 150px\" \/> <img loading=\"lazy\" decoding=\"async\" width=\"150\" height=\"225\" class=\"wp-image-932\" style=\"width: 150px;\" src=\"https:\/\/fecht-hut.de\/wordpress\/wp-content\/uploads\/2023\/07\/Rapier-mit-Dolch-3.jpg\" alt=\"\" srcset=\"https:\/\/fecht-hut.de\/wordpress\/wp-content\/uploads\/2023\/07\/Rapier-mit-Dolch-3.jpg 333w, https:\/\/fecht-hut.de\/wordpress\/wp-content\/uploads\/2023\/07\/Rapier-mit-Dolch-3-200x300.jpg 200w\" sizes=\"auto, (max-width: 150px) 100vw, 150px\" \/><\/p>\n","protected":false},"excerpt":{"rendered":"<p>Mit dem Rapier kam alles anders.Es kam wieder eine Einhandwaffe ins Gefecht.Im 16 Jhdt. liebte man in Deutschland noch immer das -> lange Schwert Aber die italienischen Fechtmeister hatten einen eingebauten Wandertrieb undmit dem Rapier kam alles anders, auch in Deutschland. Nun herrschte die italienische Fechtschule, deren recht wanderfreudige Meister gaben an europ\u00e4ischen H\u00f6fen gerne&#8230; <\/p>\n<div class=\"read-more navbutton\"><a href=\"https:\/\/fecht-hut.de\/?page_id=19\">Read More<i class=\"fa fa-angle-double-right\"><\/i><\/a><\/div>\n","protected":false},"author":1,"featured_media":0,"parent":0,"menu_order":0,"comment_status":"closed","ping_status":"closed","template":"","meta":{"footnotes":""},"class_list":["post-19","page","type-page","status-publish","hentry"],"yoast_head":"<!-- This site is optimized with the Yoast SEO plugin v27.4 - https:\/\/yoast.com\/product\/yoast-seo-wordpress\/ -->\n<title>Mit dem Rapier kam alles anders Rapier - Fecht-Hut<\/title>\n<meta name=\"description\" content=\"Das Rapier mit dem alles anders kam, wie es bei Capo Ferro beschrieben wird ist die Grundlage des Unterrichts bei Fecht-Hut.\" \/>\n<meta name=\"robots\" content=\"index, follow, max-snippet:-1, max-image-preview:large, max-video-preview:-1\" \/>\n<link rel=\"canonical\" href=\"https:\/\/fecht-hut.de\/?page_id=19\" \/>\n<meta property=\"og:locale\" content=\"de_DE\" \/>\n<meta property=\"og:type\" content=\"article\" \/>\n<meta property=\"og:title\" content=\"Mit dem Rapier kam alles anders Rapier - Fecht-Hut\" \/>\n<meta property=\"og:description\" content=\"Das Rapier mit dem alles anders kam, wie es bei Capo Ferro beschrieben wird ist die Grundlage des Unterrichts bei Fecht-Hut.\" \/>\n<meta property=\"og:url\" content=\"https:\/\/fecht-hut.de\/?page_id=19\" \/>\n<meta property=\"og:site_name\" content=\"Fecht-Hut\" \/>\n<meta property=\"article:modified_time\" content=\"2025-09-10T20:41:38+00:00\" \/>\n<meta property=\"og:image\" content=\"https:\/\/fecht-hut.de\/wordpress\/wp-content\/uploads\/2021\/12\/DSCF0461.jpg\" \/>\n\t<meta property=\"og:image:width\" content=\"1312\" \/>\n\t<meta property=\"og:image:height\" content=\"937\" \/>\n\t<meta property=\"og:image:type\" content=\"image\/jpeg\" \/>\n<meta name=\"twitter:card\" content=\"summary_large_image\" \/>\n<meta name=\"twitter:label1\" content=\"Gesch\u00e4tzte Lesezeit\" \/>\n\t<meta name=\"twitter:data1\" content=\"4\u00a0Minuten\" \/>\n<script type=\"application\/ld+json\" class=\"yoast-schema-graph\">{\"@context\":\"https:\\\/\\\/schema.org\",\"@graph\":[{\"@type\":\"WebPage\",\"@id\":\"https:\\\/\\\/fecht-hut.de\\\/?page_id=19\",\"url\":\"https:\\\/\\\/fecht-hut.de\\\/?page_id=19\",\"name\":\"Mit dem Rapier kam alles anders Rapier - Fecht-Hut\",\"isPartOf\":{\"@id\":\"https:\\\/\\\/fecht-hut.de\\\/#website\"},\"primaryImageOfPage\":{\"@id\":\"https:\\\/\\\/fecht-hut.de\\\/?page_id=19#primaryimage\"},\"image\":{\"@id\":\"https:\\\/\\\/fecht-hut.de\\\/?page_id=19#primaryimage\"},\"thumbnailUrl\":\"https:\\\/\\\/fecht-hut.de\\\/wordpress\\\/wp-content\\\/uploads\\\/2021\\\/12\\\/DSCF0461.jpg\",\"datePublished\":\"2021-12-01T13:12:18+00:00\",\"dateModified\":\"2025-09-10T20:41:38+00:00\",\"description\":\"Das Rapier mit dem alles anders kam, wie es bei Capo Ferro beschrieben wird ist die Grundlage des Unterrichts bei Fecht-Hut.\",\"breadcrumb\":{\"@id\":\"https:\\\/\\\/fecht-hut.de\\\/?page_id=19#breadcrumb\"},\"inLanguage\":\"de\",\"potentialAction\":[{\"@type\":\"ReadAction\",\"target\":[\"https:\\\/\\\/fecht-hut.de\\\/?page_id=19\"]}]},{\"@type\":\"ImageObject\",\"inLanguage\":\"de\",\"@id\":\"https:\\\/\\\/fecht-hut.de\\\/?page_id=19#primaryimage\",\"url\":\"https:\\\/\\\/fecht-hut.de\\\/wordpress\\\/wp-content\\\/uploads\\\/2021\\\/12\\\/DSCF0461.jpg\",\"contentUrl\":\"https:\\\/\\\/fecht-hut.de\\\/wordpress\\\/wp-content\\\/uploads\\\/2021\\\/12\\\/DSCF0461.jpg\",\"width\":1312,\"height\":937,\"caption\":\"Rapier\"},{\"@type\":\"BreadcrumbList\",\"@id\":\"https:\\\/\\\/fecht-hut.de\\\/?page_id=19#breadcrumb\",\"itemListElement\":[{\"@type\":\"ListItem\",\"position\":1,\"name\":\"Startseite\",\"item\":\"https:\\\/\\\/fecht-hut.de\\\/\"},{\"@type\":\"ListItem\",\"position\":2,\"name\":\"Rapier\"}]},{\"@type\":\"WebSite\",\"@id\":\"https:\\\/\\\/fecht-hut.de\\\/#website\",\"url\":\"https:\\\/\\\/fecht-hut.de\\\/\",\"name\":\"Fecht-Hut\",\"description\":\"\",\"potentialAction\":[{\"@type\":\"SearchAction\",\"target\":{\"@type\":\"EntryPoint\",\"urlTemplate\":\"https:\\\/\\\/fecht-hut.de\\\/?s={search_term_string}\"},\"query-input\":{\"@type\":\"PropertyValueSpecification\",\"valueRequired\":true,\"valueName\":\"search_term_string\"}}],\"inLanguage\":\"de\"}]}<\/script>\n<!-- \/ Yoast SEO plugin. -->","yoast_head_json":{"title":"Mit dem Rapier kam alles anders Rapier - Fecht-Hut","description":"Das Rapier mit dem alles anders kam, wie es bei Capo Ferro beschrieben wird ist die Grundlage des Unterrichts bei Fecht-Hut.","robots":{"index":"index","follow":"follow","max-snippet":"max-snippet:-1","max-image-preview":"max-image-preview:large","max-video-preview":"max-video-preview:-1"},"canonical":"https:\/\/fecht-hut.de\/?page_id=19","og_locale":"de_DE","og_type":"article","og_title":"Mit dem Rapier kam alles anders Rapier - Fecht-Hut","og_description":"Das Rapier mit dem alles anders kam, wie es bei Capo Ferro beschrieben wird ist die Grundlage des Unterrichts bei Fecht-Hut.","og_url":"https:\/\/fecht-hut.de\/?page_id=19","og_site_name":"Fecht-Hut","article_modified_time":"2025-09-10T20:41:38+00:00","og_image":[{"width":1312,"height":937,"url":"https:\/\/fecht-hut.de\/wordpress\/wp-content\/uploads\/2021\/12\/DSCF0461.jpg","type":"image\/jpeg"}],"twitter_card":"summary_large_image","twitter_misc":{"Gesch\u00e4tzte Lesezeit":"4\u00a0Minuten"},"schema":{"@context":"https:\/\/schema.org","@graph":[{"@type":"WebPage","@id":"https:\/\/fecht-hut.de\/?page_id=19","url":"https:\/\/fecht-hut.de\/?page_id=19","name":"Mit dem Rapier kam alles anders Rapier - Fecht-Hut","isPartOf":{"@id":"https:\/\/fecht-hut.de\/#website"},"primaryImageOfPage":{"@id":"https:\/\/fecht-hut.de\/?page_id=19#primaryimage"},"image":{"@id":"https:\/\/fecht-hut.de\/?page_id=19#primaryimage"},"thumbnailUrl":"https:\/\/fecht-hut.de\/wordpress\/wp-content\/uploads\/2021\/12\/DSCF0461.jpg","datePublished":"2021-12-01T13:12:18+00:00","dateModified":"2025-09-10T20:41:38+00:00","description":"Das Rapier mit dem alles anders kam, wie es bei Capo Ferro beschrieben wird ist die Grundlage des Unterrichts bei Fecht-Hut.","breadcrumb":{"@id":"https:\/\/fecht-hut.de\/?page_id=19#breadcrumb"},"inLanguage":"de","potentialAction":[{"@type":"ReadAction","target":["https:\/\/fecht-hut.de\/?page_id=19"]}]},{"@type":"ImageObject","inLanguage":"de","@id":"https:\/\/fecht-hut.de\/?page_id=19#primaryimage","url":"https:\/\/fecht-hut.de\/wordpress\/wp-content\/uploads\/2021\/12\/DSCF0461.jpg","contentUrl":"https:\/\/fecht-hut.de\/wordpress\/wp-content\/uploads\/2021\/12\/DSCF0461.jpg","width":1312,"height":937,"caption":"Rapier"},{"@type":"BreadcrumbList","@id":"https:\/\/fecht-hut.de\/?page_id=19#breadcrumb","itemListElement":[{"@type":"ListItem","position":1,"name":"Startseite","item":"https:\/\/fecht-hut.de\/"},{"@type":"ListItem","position":2,"name":"Rapier"}]},{"@type":"WebSite","@id":"https:\/\/fecht-hut.de\/#website","url":"https:\/\/fecht-hut.de\/","name":"Fecht-Hut","description":"","potentialAction":[{"@type":"SearchAction","target":{"@type":"EntryPoint","urlTemplate":"https:\/\/fecht-hut.de\/?s={search_term_string}"},"query-input":{"@type":"PropertyValueSpecification","valueRequired":true,"valueName":"search_term_string"}}],"inLanguage":"de"}]}},"_links":{"self":[{"href":"https:\/\/fecht-hut.de\/index.php?rest_route=\/wp\/v2\/pages\/19","targetHints":{"allow":["GET"]}}],"collection":[{"href":"https:\/\/fecht-hut.de\/index.php?rest_route=\/wp\/v2\/pages"}],"about":[{"href":"https:\/\/fecht-hut.de\/index.php?rest_route=\/wp\/v2\/types\/page"}],"author":[{"embeddable":true,"href":"https:\/\/fecht-hut.de\/index.php?rest_route=\/wp\/v2\/users\/1"}],"replies":[{"embeddable":true,"href":"https:\/\/fecht-hut.de\/index.php?rest_route=%2Fwp%2Fv2%2Fcomments&post=19"}],"version-history":[{"count":19,"href":"https:\/\/fecht-hut.de\/index.php?rest_route=\/wp\/v2\/pages\/19\/revisions"}],"predecessor-version":[{"id":1345,"href":"https:\/\/fecht-hut.de\/index.php?rest_route=\/wp\/v2\/pages\/19\/revisions\/1345"}],"wp:attachment":[{"href":"https:\/\/fecht-hut.de\/index.php?rest_route=%2Fwp%2Fv2%2Fmedia&parent=19"}],"curies":[{"name":"wp","href":"https:\/\/api.w.org\/{rel}","templated":true}]}}