{"id":14,"date":"2021-12-01T13:12:18","date_gmt":"2021-12-01T13:12:18","guid":{"rendered":"https:\/\/fecht-hut.de\/wordpress\/?page_id=14"},"modified":"2025-09-10T20:38:23","modified_gmt":"2025-09-10T20:38:23","slug":"buckler-und-schwert","status":"publish","type":"page","link":"https:\/\/fecht-hut.de\/?page_id=14","title":{"rendered":"Buckler und Schwert"},"content":{"rendered":"\n<p><\/p>\n\n\n\n<p class=\"has-medium-font-size\"><mark style=\"background-color:rgba(0, 0, 0, 0)\" class=\"has-inline-color has-luminous-vivid-amber-color\">Der Buckler ist kein Topfdeckel, <\/mark><br><mark style=\"background-color:rgba(0, 0, 0, 0)\" class=\"has-inline-color has-luminous-vivid-amber-color\">er hat den Griff auch nicht an der falschen Seite, und das Schwert ist nicht zum Topfschlagen.<\/mark><br><mark style=\"background-color:rgba(0, 0, 0, 0)\" class=\"has-inline-color has-luminous-vivid-amber-color\">Der Buckler ist ein Schild.<\/mark><br><mark style=\"background-color:rgba(0, 0, 0, 0)\" class=\"has-inline-color has-luminous-vivid-amber-color\">Genauer gesagt ein Faustschild.<\/mark><br><mark style=\"background-color:rgba(0, 0, 0, 0)\" class=\"has-inline-color has-luminous-vivid-amber-color\">Er besch\u00fctzt<\/mark> <mark style=\"background-color:rgba(0, 0, 0, 0)\" class=\"has-inline-color has-luminous-vivid-amber-color\">die Schwerthand und daf\u00fcr ist der Kleine gro\u00df genug. <\/mark><\/p>\n\n\n\n<h2 class=\"wp-block-heading\"><br><br><br><mark style=\"background-color:rgba(0, 0, 0, 0)\" class=\"has-inline-color has-luminous-vivid-amber-color\"><strong>Warum Buckler nach I.33?<\/strong><\/mark><\/h2>\n\n\n\n<p><\/p>\n\n\n\n<p class=\"has-medium-font-size\"><br><br><mark style=\"background-color:rgba(0, 0, 0, 0)\" class=\"has-inline-color has-luminous-vivid-amber-color\">Das ist die alte Kennnummer der bunt gestalteten Handschrift, die wohl seit 1300 n.Chr. schon so einiges mitgemacht hat. <\/mark><br><mark style=\"background-color:rgba(0, 0, 0, 0)\" class=\"has-inline-color has-luminous-vivid-amber-color\">Fremde Autoren haben hineingekritzelt. <\/mark><br><mark style=\"background-color:rgba(0, 0, 0, 0)\" class=\"has-inline-color has-luminous-vivid-amber-color\">Es fehlen ihr wohl auch schon ein paar Seiten. <\/mark><br><mark style=\"background-color:rgba(0, 0, 0, 0)\" class=\"has-inline-color has-luminous-vivid-amber-color\">Sie ist unter der Kennziffer I.33 in England wieder aufgetaucht. <\/mark><br><mark style=\"background-color:rgba(0, 0, 0, 0)\" class=\"has-inline-color has-luminous-vivid-amber-color\">Doch die Schrift von &#8222;Priester&#8220; Liutger hat vom 13. Jhdt. bis heute \u00fcberlebt.<\/mark><\/p>\n\n\n\n<p class=\"has-medium-font-size\"><mark style=\"background-color:rgba(0, 0, 0, 0)\" class=\"has-inline-color has-luminous-vivid-amber-color\">Die bunt illustrierten Techniken sehen nicht nur lustig aus, sie sind auch schnell und wirkungsvoll. <\/mark><br><mark style=\"background-color:rgba(0, 0, 0, 0)\" class=\"has-inline-color has-luminous-vivid-amber-color\">Das Manuskript tr\u00e4gt bereits ein ausgereiftes Fechtsystem in sich.<\/mark><\/p>\n\n\n\n<p class=\"has-medium-font-size\"><mark style=\"background-color:rgba(0, 0, 0, 0)\" class=\"has-inline-color has-luminous-vivid-amber-color\"> <\/mark><br><mark style=\"background-color:rgba(0, 0, 0, 0)\" class=\"has-inline-color has-luminous-vivid-amber-color\">Auch f\u00fcr Nichtlateiner zeigen die Bilder, dass der kleine Faustschild weit mehr kann, als nur hinter der Klinge des Gegners herfuchteln, um diese dann irgendwie mit viel Gl\u00fcck abzufangen.<\/mark><\/p>\n\n\n\n<p class=\"has-medium-font-size\"><mark style=\"background-color:rgba(0, 0, 0, 0)\" class=\"has-inline-color has-luminous-vivid-amber-color\">Stattdessen geht&nbsp; der Buckler sehr effizient&nbsp; in die Aktionen eng am Mann. Hier kann er mit seinem kleinen<\/mark> <mark style=\"background-color:rgba(0, 0, 0, 0)\" class=\"has-inline-color has-luminous-vivid-amber-color\">Durchmesser gl\u00e4nzen und so manche \u00dcberraschung bieten.<\/mark><br><br><mark style=\"background-color:rgba(0, 0, 0, 0)\" class=\"has-inline-color has-luminous-vivid-amber-color\"> <img loading=\"lazy\" decoding=\"async\" width=\"250\" height=\"187\" class=\"wp-image-63\" style=\"width: 250px;\" src=\"http:\/\/fecht-hut.de\/wordpress\/wp-content\/uploads\/2021\/12\/bukler__schwert_1_20130218_1992130603.jpg\" alt=\"\" srcset=\"https:\/\/fecht-hut.de\/wordpress\/wp-content\/uploads\/2021\/12\/bukler__schwert_1_20130218_1992130603.jpg 900w, https:\/\/fecht-hut.de\/wordpress\/wp-content\/uploads\/2021\/12\/bukler__schwert_1_20130218_1992130603-300x225.jpg 300w, https:\/\/fecht-hut.de\/wordpress\/wp-content\/uploads\/2021\/12\/bukler__schwert_1_20130218_1992130603-768x575.jpg 768w\" sizes=\"auto, (max-width: 250px) 100vw, 250px\" \/> <\/mark><br><mark style=\"background-color:rgba(0, 0, 0, 0)\" class=\"has-inline-color has-luminous-vivid-amber-color\">Sie k\u00f6nnen damit in die Krucke hangen oder die Schwerthand sch\u00fctzen , <\/mark><\/p>\n\n\n\n<p class=\"has-medium-font-size\"><img loading=\"lazy\" decoding=\"async\" width=\"250\" height=\"234\" class=\"wp-image-475\" style=\"width: 250px;\" src=\"https:\/\/fecht-hut.de\/wordpress\/wp-content\/uploads\/2022\/09\/Schildstoss-beim-Buckler.jpg\" alt=\"\" srcset=\"https:\/\/fecht-hut.de\/wordpress\/wp-content\/uploads\/2022\/09\/Schildstoss-beim-Buckler.jpg 1457w, https:\/\/fecht-hut.de\/wordpress\/wp-content\/uploads\/2022\/09\/Schildstoss-beim-Buckler-300x280.jpg 300w, https:\/\/fecht-hut.de\/wordpress\/wp-content\/uploads\/2022\/09\/Schildstoss-beim-Buckler-1024x957.jpg 1024w, https:\/\/fecht-hut.de\/wordpress\/wp-content\/uploads\/2022\/09\/Schildstoss-beim-Buckler-768x717.jpg 768w\" sizes=\"auto, (max-width: 250px) 100vw, 250px\" \/> <mark style=\"background-color:rgba(0, 0, 0, 0)\" class=\"has-inline-color has-luminous-vivid-amber-color\"> oder Sie k\u00f6nnen mit ihm zusto\u00dfen <\/mark><\/p>\n\n\n\n<p class=\"has-medium-font-size\"><img loading=\"lazy\" decoding=\"async\" width=\"250\" height=\"208\" class=\"wp-image-476\" style=\"width: 250px;\" src=\"https:\/\/fecht-hut.de\/wordpress\/wp-content\/uploads\/2022\/09\/uebergreifen-mit-Buckler.jpg\" alt=\"\" srcset=\"https:\/\/fecht-hut.de\/wordpress\/wp-content\/uploads\/2022\/09\/uebergreifen-mit-Buckler.jpg 2427w, https:\/\/fecht-hut.de\/wordpress\/wp-content\/uploads\/2022\/09\/uebergreifen-mit-Buckler-300x249.jpg 300w, https:\/\/fecht-hut.de\/wordpress\/wp-content\/uploads\/2022\/09\/uebergreifen-mit-Buckler-1024x850.jpg 1024w, https:\/\/fecht-hut.de\/wordpress\/wp-content\/uploads\/2022\/09\/uebergreifen-mit-Buckler-768x638.jpg 768w, https:\/\/fecht-hut.de\/wordpress\/wp-content\/uploads\/2022\/09\/uebergreifen-mit-Buckler-1536x1275.jpg 1536w, https:\/\/fecht-hut.de\/wordpress\/wp-content\/uploads\/2022\/09\/uebergreifen-mit-Buckler-2048x1700.jpg 2048w\" sizes=\"auto, (max-width: 250px) 100vw, 250px\" \/> <mark style=\"background-color:rgba(0, 0, 0, 0)\" class=\"has-inline-color has-luminous-vivid-amber-color\">oder die Arme des Gegners damit umgreifen.<\/mark><br><\/p>\n\n\n\n<p class=\"has-medium-font-size\"><mark style=\"background-color:rgba(0, 0, 0, 0)\" class=\"has-inline-color has-luminous-vivid-amber-color\"><strong>Spiele<\/strong> nennt das Manuskript I.33 die gezeigten Techniken, mit denen der Sch\u00fcler das Fechten mit den zwei Waffen lernen kann. <\/mark><br><mark style=\"background-color:rgba(0, 0, 0, 0)\" class=\"has-inline-color has-luminous-vivid-amber-color\">Schnell wird das System dann ganz von selbst, denn die Techniken sind flie\u00dfend. <\/mark><br><mark style=\"background-color:rgba(0, 0, 0, 0)\" class=\"has-inline-color has-luminous-vivid-amber-color\">Mit Kraft allein erreicht man hier also gar nichts. <\/mark><\/p>\n\n\n\n<h2 class=\"wp-block-heading has-luminous-vivid-amber-color has-text-color\"><br><mark style=\"background-color:rgba(0, 0, 0, 0)\" class=\"has-inline-color has-luminous-vivid-amber-color\"><strong>Kann auch Frau mit Buckler fechten?<\/strong> <\/mark><\/h2>\n\n\n\n<p class=\"has-luminous-vivid-amber-color has-text-color has-medium-font-size\"><br>Klar.<mark style=\"background-color:rgba(0, 0, 0, 0)\" class=\"has-inline-color has-luminous-vivid-amber-color\"> <\/mark><br><mark style=\"background-color:rgba(0, 0, 0, 0)\" class=\"has-inline-color has-luminous-vivid-amber-color\"><strong>Walpurgis<\/strong> beweist auf den letzten Bildern des Manuskriptes, dass Frau das kann. <\/mark><br><mark style=\"background-color:rgba(0, 0, 0, 0)\" class=\"has-inline-color has-luminous-vivid-amber-color\">Sie erinnern sich das&#8211;&gt; <a href=\"https:\/\/fecht-hut.de\/?page_id=8\" target=\"_blank\" rel=\"noreferrer noopener\">unterm Hut<\/a> schonmal gelesen zu haben?<\/mark><br><br><img loading=\"lazy\" decoding=\"async\" width=\"250\" height=\"248\" class=\"wp-image-209\" style=\"width: 250px;\" src=\"https:\/\/fecht-hut.de\/wordpress\/wp-content\/uploads\/2021\/12\/bucklerbild-alt.jpg\" alt=\"\" srcset=\"https:\/\/fecht-hut.de\/wordpress\/wp-content\/uploads\/2021\/12\/bucklerbild-alt.jpg 431w, https:\/\/fecht-hut.de\/wordpress\/wp-content\/uploads\/2021\/12\/bucklerbild-alt-300x298.jpg 300w, https:\/\/fecht-hut.de\/wordpress\/wp-content\/uploads\/2021\/12\/bucklerbild-alt-150x150.jpg 150w\" sizes=\"auto, (max-width: 250px) 100vw, 250px\" \/> <br><br><mark style=\"background-color:rgba(0, 0, 0, 0)\" class=\"has-inline-color has-luminous-vivid-amber-color\">Die Dame besiegt den Priester im Spiel. <\/mark><br><br><mark style=\"background-color:rgba(0, 0, 0, 0)\" class=\"has-inline-color has-luminous-vivid-amber-color\">F\u00fcr die Entstehungszeit des Manuskriptes eine kleine Sensation<\/mark>.<\/p>\n\n\n\n<p class=\"has-medium-font-size\"><mark style=\"background-color:rgba(0, 0, 0, 0)\" class=\"has-inline-color has-luminous-vivid-amber-color\">I.33 ist nicht nur die \u00e4lteste Handschrift \u00fcber europ\u00e4ische Kampfkunst, sondern auch die Grundlage f\u00fcr das Training. <\/mark><\/p>\n\n\n\n<p><\/p>\n\n\n\n<p class=\"has-medium-font-size\"><br><br><mark style=\"background-color:rgba(0, 0, 0, 0)\" class=\"has-inline-color has-luminous-vivid-amber-color\">Fecht-Hut zeigt auch Techniken sp\u00e4terer Meister. <\/mark><br><mark style=\"background-color:rgba(0, 0, 0, 0)\" class=\"has-inline-color has-luminous-vivid-amber-color\">Die hatten oftmals anders geformte Faustschilde und deswegen auch andere Techniken.  <\/mark><br><mark style=\"background-color:rgba(0, 0, 0, 0)\" class=\"has-inline-color has-luminous-vivid-amber-color\">Hans Talhoffers\u00a0 gebogener Schild konnte durchaus ein langes Messer abfangen. <\/mark><br><mark style=\"background-color:rgba(0, 0, 0, 0)\" class=\"has-inline-color has-luminous-vivid-amber-color\">Paulus Kals Schild hatte die Form eines h\u00e4sslichen Gesichts und tat das auch. <\/mark><br><mark style=\"background-color:rgba(0, 0, 0, 0)\" class=\"has-inline-color has-luminous-vivid-amber-color\">Also lohnt es sich diesen Techniken ins grimmige Gesicht zu schauen.<\/mark><br><br> <img loading=\"lazy\" decoding=\"async\" width=\"150\" height=\"225\" class=\"wp-image-834\" style=\"width: 150px;\" src=\"https:\/\/fecht-hut.de\/wordpress\/wp-content\/uploads\/2023\/04\/Buckler-System-der-Klingen-4.jpg\" alt=\"\" srcset=\"https:\/\/fecht-hut.de\/wordpress\/wp-content\/uploads\/2023\/04\/Buckler-System-der-Klingen-4.jpg 333w, https:\/\/fecht-hut.de\/wordpress\/wp-content\/uploads\/2023\/04\/Buckler-System-der-Klingen-4-200x300.jpg 200w\" sizes=\"auto, (max-width: 150px) 100vw, 150px\" \/> <img loading=\"lazy\" decoding=\"async\" width=\"150\" height=\"225\" class=\"wp-image-835\" style=\"width: 150px;\" src=\"https:\/\/fecht-hut.de\/wordpress\/wp-content\/uploads\/2023\/04\/Buckler-system-der-Klingen-6.jpg\" alt=\"\" srcset=\"https:\/\/fecht-hut.de\/wordpress\/wp-content\/uploads\/2023\/04\/Buckler-system-der-Klingen-6.jpg 333w, https:\/\/fecht-hut.de\/wordpress\/wp-content\/uploads\/2023\/04\/Buckler-system-der-Klingen-6-200x300.jpg 200w\" sizes=\"auto, (max-width: 150px) 100vw, 150px\" \/><\/p>\n\n\n\n<p><mark style=\"background-color:rgba(0, 0, 0, 0)\" class=\"has-inline-color has-luminous-vivid-amber-color\">Wenn Sie mehr dazu lesen m\u00f6chten, geht das hier auf der &#8212;&gt; <a href=\"https:\/\/ingos-buchseite.de\/?page_id=30\" target=\"_blank\" rel=\"noreferrer noopener\">Buchseite<\/a> <\/mark><\/p>\n\n\n\n<p><\/p>\n","protected":false},"excerpt":{"rendered":"<p>Der Buckler ist kein Topfdeckel, er hat den Griff auch nicht an der falschen Seite, und das Schwert ist nicht zum Topfschlagen.Der Buckler ist ein Schild.Genauer gesagt ein Faustschild.Er besch\u00fctzt die Schwerthand und daf\u00fcr ist der Kleine gro\u00df genug. Warum Buckler nach I.33? Das ist die alte Kennnummer der bunt gestalteten Handschrift, die wohl seit&#8230; <\/p>\n<div class=\"read-more navbutton\"><a href=\"https:\/\/fecht-hut.de\/?page_id=14\">Read More<i class=\"fa fa-angle-double-right\"><\/i><\/a><\/div>\n","protected":false},"author":1,"featured_media":0,"parent":0,"menu_order":0,"comment_status":"closed","ping_status":"closed","template":"","meta":{"footnotes":""},"class_list":["post-14","page","type-page","status-publish","hentry"],"yoast_head":"<!-- This site is optimized with the Yoast SEO plugin v27.5 - https:\/\/yoast.com\/product\/yoast-seo-wordpress\/ -->\n<title>Buckler und Schwert - Fecht-Hut Der Buckler ist kein Topfdeckel<\/title>\n<meta name=\"description\" content=\"Buckler und Schwert nach Manuskript I.33. geh\u00f6rt auch zum Trainingsprogramm bei Fecht-Hut, denn der Buckler ist mehr als ein Topfdeckel.\" \/>\n<meta name=\"robots\" content=\"index, follow, max-snippet:-1, max-image-preview:large, max-video-preview:-1\" \/>\n<link rel=\"canonical\" href=\"https:\/\/fecht-hut.de\/?page_id=14\" \/>\n<meta property=\"og:locale\" content=\"de_DE\" \/>\n<meta property=\"og:type\" content=\"article\" \/>\n<meta property=\"og:title\" content=\"Buckler und Schwert - Fecht-Hut Der Buckler ist kein Topfdeckel\" \/>\n<meta property=\"og:description\" content=\"Buckler und Schwert nach Manuskript I.33. geh\u00f6rt auch zum Trainingsprogramm bei Fecht-Hut, denn der Buckler ist mehr als ein Topfdeckel.\" \/>\n<meta property=\"og:url\" content=\"https:\/\/fecht-hut.de\/?page_id=14\" \/>\n<meta property=\"og:site_name\" content=\"Fecht-Hut\" \/>\n<meta property=\"article:modified_time\" content=\"2025-09-10T20:38:23+00:00\" \/>\n<meta property=\"og:image\" content=\"https:\/\/fecht-hut.de\/wordpress\/wp-content\/uploads\/2021\/12\/bukler__schwert_1_20130218_1992130603.jpg\" \/>\n\t<meta property=\"og:image:width\" content=\"900\" \/>\n\t<meta property=\"og:image:height\" content=\"674\" \/>\n\t<meta property=\"og:image:type\" content=\"image\/jpeg\" \/>\n<meta name=\"twitter:card\" content=\"summary_large_image\" \/>\n<meta name=\"twitter:label1\" content=\"Gesch\u00e4tzte Lesezeit\" \/>\n\t<meta name=\"twitter:data1\" content=\"4\u00a0Minuten\" \/>\n<script type=\"application\/ld+json\" class=\"yoast-schema-graph\">{\"@context\":\"https:\\\/\\\/schema.org\",\"@graph\":[{\"@type\":\"WebPage\",\"@id\":\"https:\\\/\\\/fecht-hut.de\\\/?page_id=14\",\"url\":\"https:\\\/\\\/fecht-hut.de\\\/?page_id=14\",\"name\":\"Buckler und Schwert - Fecht-Hut Der Buckler ist kein Topfdeckel\",\"isPartOf\":{\"@id\":\"https:\\\/\\\/fecht-hut.de\\\/#website\"},\"primaryImageOfPage\":{\"@id\":\"https:\\\/\\\/fecht-hut.de\\\/?page_id=14#primaryimage\"},\"image\":{\"@id\":\"https:\\\/\\\/fecht-hut.de\\\/?page_id=14#primaryimage\"},\"thumbnailUrl\":\"http:\\\/\\\/fecht-hut.de\\\/wordpress\\\/wp-content\\\/uploads\\\/2021\\\/12\\\/bukler__schwert_1_20130218_1992130603.jpg\",\"datePublished\":\"2021-12-01T13:12:18+00:00\",\"dateModified\":\"2025-09-10T20:38:23+00:00\",\"description\":\"Buckler und Schwert nach Manuskript I.33. geh\u00f6rt auch zum Trainingsprogramm bei Fecht-Hut, denn der Buckler ist mehr als ein Topfdeckel.\",\"breadcrumb\":{\"@id\":\"https:\\\/\\\/fecht-hut.de\\\/?page_id=14#breadcrumb\"},\"inLanguage\":\"de\",\"potentialAction\":[{\"@type\":\"ReadAction\",\"target\":[\"https:\\\/\\\/fecht-hut.de\\\/?page_id=14\"]}]},{\"@type\":\"ImageObject\",\"inLanguage\":\"de\",\"@id\":\"https:\\\/\\\/fecht-hut.de\\\/?page_id=14#primaryimage\",\"url\":\"http:\\\/\\\/fecht-hut.de\\\/wordpress\\\/wp-content\\\/uploads\\\/2021\\\/12\\\/bukler__schwert_1_20130218_1992130603.jpg\",\"contentUrl\":\"http:\\\/\\\/fecht-hut.de\\\/wordpress\\\/wp-content\\\/uploads\\\/2021\\\/12\\\/bukler__schwert_1_20130218_1992130603.jpg\"},{\"@type\":\"BreadcrumbList\",\"@id\":\"https:\\\/\\\/fecht-hut.de\\\/?page_id=14#breadcrumb\",\"itemListElement\":[{\"@type\":\"ListItem\",\"position\":1,\"name\":\"Startseite\",\"item\":\"https:\\\/\\\/fecht-hut.de\\\/\"},{\"@type\":\"ListItem\",\"position\":2,\"name\":\"Buckler und Schwert\"}]},{\"@type\":\"WebSite\",\"@id\":\"https:\\\/\\\/fecht-hut.de\\\/#website\",\"url\":\"https:\\\/\\\/fecht-hut.de\\\/\",\"name\":\"Fecht-Hut\",\"description\":\"\",\"potentialAction\":[{\"@type\":\"SearchAction\",\"target\":{\"@type\":\"EntryPoint\",\"urlTemplate\":\"https:\\\/\\\/fecht-hut.de\\\/?s={search_term_string}\"},\"query-input\":{\"@type\":\"PropertyValueSpecification\",\"valueRequired\":true,\"valueName\":\"search_term_string\"}}],\"inLanguage\":\"de\"}]}<\/script>\n<!-- \/ Yoast SEO plugin. -->","yoast_head_json":{"title":"Buckler und Schwert - Fecht-Hut Der Buckler ist kein Topfdeckel","description":"Buckler und Schwert nach Manuskript I.33. geh\u00f6rt auch zum Trainingsprogramm bei Fecht-Hut, denn der Buckler ist mehr als ein Topfdeckel.","robots":{"index":"index","follow":"follow","max-snippet":"max-snippet:-1","max-image-preview":"max-image-preview:large","max-video-preview":"max-video-preview:-1"},"canonical":"https:\/\/fecht-hut.de\/?page_id=14","og_locale":"de_DE","og_type":"article","og_title":"Buckler und Schwert - Fecht-Hut Der Buckler ist kein Topfdeckel","og_description":"Buckler und Schwert nach Manuskript I.33. geh\u00f6rt auch zum Trainingsprogramm bei Fecht-Hut, denn der Buckler ist mehr als ein Topfdeckel.","og_url":"https:\/\/fecht-hut.de\/?page_id=14","og_site_name":"Fecht-Hut","article_modified_time":"2025-09-10T20:38:23+00:00","og_image":[{"width":900,"height":674,"url":"https:\/\/fecht-hut.de\/wordpress\/wp-content\/uploads\/2021\/12\/bukler__schwert_1_20130218_1992130603.jpg","type":"image\/jpeg"}],"twitter_card":"summary_large_image","twitter_misc":{"Gesch\u00e4tzte Lesezeit":"4\u00a0Minuten"},"schema":{"@context":"https:\/\/schema.org","@graph":[{"@type":"WebPage","@id":"https:\/\/fecht-hut.de\/?page_id=14","url":"https:\/\/fecht-hut.de\/?page_id=14","name":"Buckler und Schwert - Fecht-Hut Der Buckler ist kein Topfdeckel","isPartOf":{"@id":"https:\/\/fecht-hut.de\/#website"},"primaryImageOfPage":{"@id":"https:\/\/fecht-hut.de\/?page_id=14#primaryimage"},"image":{"@id":"https:\/\/fecht-hut.de\/?page_id=14#primaryimage"},"thumbnailUrl":"http:\/\/fecht-hut.de\/wordpress\/wp-content\/uploads\/2021\/12\/bukler__schwert_1_20130218_1992130603.jpg","datePublished":"2021-12-01T13:12:18+00:00","dateModified":"2025-09-10T20:38:23+00:00","description":"Buckler und Schwert nach Manuskript I.33. geh\u00f6rt auch zum Trainingsprogramm bei Fecht-Hut, denn der Buckler ist mehr als ein Topfdeckel.","breadcrumb":{"@id":"https:\/\/fecht-hut.de\/?page_id=14#breadcrumb"},"inLanguage":"de","potentialAction":[{"@type":"ReadAction","target":["https:\/\/fecht-hut.de\/?page_id=14"]}]},{"@type":"ImageObject","inLanguage":"de","@id":"https:\/\/fecht-hut.de\/?page_id=14#primaryimage","url":"http:\/\/fecht-hut.de\/wordpress\/wp-content\/uploads\/2021\/12\/bukler__schwert_1_20130218_1992130603.jpg","contentUrl":"http:\/\/fecht-hut.de\/wordpress\/wp-content\/uploads\/2021\/12\/bukler__schwert_1_20130218_1992130603.jpg"},{"@type":"BreadcrumbList","@id":"https:\/\/fecht-hut.de\/?page_id=14#breadcrumb","itemListElement":[{"@type":"ListItem","position":1,"name":"Startseite","item":"https:\/\/fecht-hut.de\/"},{"@type":"ListItem","position":2,"name":"Buckler und Schwert"}]},{"@type":"WebSite","@id":"https:\/\/fecht-hut.de\/#website","url":"https:\/\/fecht-hut.de\/","name":"Fecht-Hut","description":"","potentialAction":[{"@type":"SearchAction","target":{"@type":"EntryPoint","urlTemplate":"https:\/\/fecht-hut.de\/?s={search_term_string}"},"query-input":{"@type":"PropertyValueSpecification","valueRequired":true,"valueName":"search_term_string"}}],"inLanguage":"de"}]}},"_links":{"self":[{"href":"https:\/\/fecht-hut.de\/index.php?rest_route=\/wp\/v2\/pages\/14","targetHints":{"allow":["GET"]}}],"collection":[{"href":"https:\/\/fecht-hut.de\/index.php?rest_route=\/wp\/v2\/pages"}],"about":[{"href":"https:\/\/fecht-hut.de\/index.php?rest_route=\/wp\/v2\/types\/page"}],"author":[{"embeddable":true,"href":"https:\/\/fecht-hut.de\/index.php?rest_route=\/wp\/v2\/users\/1"}],"replies":[{"embeddable":true,"href":"https:\/\/fecht-hut.de\/index.php?rest_route=%2Fwp%2Fv2%2Fcomments&post=14"}],"version-history":[{"count":21,"href":"https:\/\/fecht-hut.de\/index.php?rest_route=\/wp\/v2\/pages\/14\/revisions"}],"predecessor-version":[{"id":1342,"href":"https:\/\/fecht-hut.de\/index.php?rest_route=\/wp\/v2\/pages\/14\/revisions\/1342"}],"wp:attachment":[{"href":"https:\/\/fecht-hut.de\/index.php?rest_route=%2Fwp%2Fv2%2Fmedia&parent=14"}],"curies":[{"name":"wp","href":"https:\/\/api.w.org\/{rel}","templated":true}]}}